9).
1
Let c(y) = -y**3 + 169*y**2 + 177*y - 1117. Determine c(170).
73
Let y(h) = 163*h - 7989. Give y(49).
-2
Let y(d) = 3092*d + 159046. Calculate y(-51).
1354
Let c(p) = p**3 - 9*p**2 + 188*p - 1681. Calculate c(9).
11
Let f(t) = 5*t**2 + 374*t + 2450. What is f(-7)?
77
Let x(o) = o**2 - 15235*o + 3465935. Determine x(231).
11
Let q(d) = -14*d**2 + 369*d - 1116. Calculate q(3).
-135
Let r(p) = p**3 + 154*p**2 + 4397*p - 1064. Determine r(-116).
212
Let n(a) = a**2 + 1937*a + 21322. What is n(-11)?
136
Let d(u) = -31*u**2 - 74*u - 158. What is d(-2)?
-134
Let l(a) = 16734*a - 83809. Determine l(5).
-139
Let h(f) = 801*f + 43494. Give h(-54).
240
Let i(b) = 2*b**3 + 103*b**2 + 1049*b + 150. Determine i(-14).
164
Let p(v) = -131*v**2 - 1517*v - 4293. Determine p(-5).
17
Let d(q) = 34*q**3 - 12069*q**2 - 352*q - 997. What is d(355)?
68
Let h(d) = -12083*d + 978723. Calculate h(81).
0
Let z(n) = n**3 + 10*n**2 - 68*n + 81. Determine z(2).
-7
Let f(s) = 2*s**3 - 114*s**2 - 616*s + 213. What is f(62)?
461
Let v(p) = p**2 - 9070*p - 90697. Determine v(-10).
103
Let u(p) = 3698*p + 48325. What is u(-13)?
251
Let v(t) = 282*t - 196. Determine v(0).
-196
Let v(b) = b**2 + 988*b + 13640. Calculate v(-14).
4
Let k(w) = -961*w + 55658. Give k(58).
-80
Let v(q) = -230503*q - 3688055. Give v(-16).
-7
Let f(q) = q**3 - 59*q**2 - 4818*q + 558. What is f(-46)?
6
Let l(r) = -r**2 + 65*r + 1347. What is l(84)?
-249
Let j(a) = 128*a - 910. What is j(16)?
1138
Let b(c) = c**2 + 19644*c + 215940. Determine b(-11).
-23
Let x(w) = -3018*w - 72427. Calculate x(-24).
5
Let u(k) = -2*k**3 - 68*k**2 + 99*k - 769. Give u(-36).
851
Let k(y) = 8*y**2 - 209*y - 8484. Give k(-22).
-14
Let n(g) = 2*g**3 + 42*g**2 + 31*g - 1. Calculate n(-17).
1784
Let o(j) = 4317*j - 475005. What is o(110)?
-135
Let v(k) = 5*k**3 + 2148*k**2 - 857*k + 1272. What is v(-430)?
-18
Let x(l) = -l**3 + l**2 - 10*l + 1003. Give x(10).
3
Let v(n) = -16*n**2 + 26*n - 37. What is v(9)?
-1099
Let k(p) = -2*p**3 - 278*p**2 - 266*p + 897. Calculate k(-138).
-483
Let r(q) = -2*q**3 - 188*q**2 + 2797*q + 1618. What is r(-107)?
13
Let s(j) = -2*j**3 + 207*j**2 + 5250*j - 13089. Give s(-23).
-2
Let j(w) = -w**3 - 155*w**2 + 21*w + 3249. Determine j(-155).
-6
Let o(j) = 92177*j - 3318353. Determine o(36).
19
Let d(p) = -p**3 - 10*p**2 + 8442*p + 115. Determine d(-97).
-176
Let u(v) = -10*v**3 + 521*v**2 - 76*v + 128. Calculate u(52).
-1120
Let n(q) = -2*q**3 + q**2 - 16*q - 279. What is n(0)?
-279
Let w(h) = h**2 + 1404*h - 139048. What is w(93)?
173
Let c(l) = -3*l**2 - 74*l - 452. What is c(-11)?
-1
Let w(x) = 364533*x + 4009854. Give w(-11).
-9
Let i(s) = s**2 - 104*s - 1417. What is i(-16)?
503
Let i(s) = s**2 + 1197*s + 15437. What is i(-13)?
45
Let r(j) = -j**2 - 75*j - 782. Give r(-12).
-26
Let j(k) = -4265*k - 264367. Determine j(-62).
63
Let z(p) = -71*p**2 + 20590*p + 167. What is z(290)?
167
Let b(x) = x**3 + 83*x**2 + 2842*x + 168127. Determine b(-75).
-23
Let w(k) = 731*k - 5368. What is w(13)?
4135
Let t(y) = 2*y**3 - 80*y**2 + 83*y - 312. What is t(39)?
-117
Let m(b) = b**2 + 112*b - 10584. Give m(61).
-31
Let o(s) = 1857*s - 100194. Give o(54).
84
Let t(x) = 2*x**2 + 30274*x + 60544. What is t(-2)?
4
Let l(j) = j**3 + 119*j**2 + 114*j - 228. Calculate l(-118).
244
Let j(v) = -2*v**3 + 385*v**2 - 4164*v + 180. Calculate j(181).
-1
Let b(k) = 1291*k**3 - 2591*k**2 + 7*k - 16. Calculate b(2).
-38
Let s(i) = 4930*i - 764137. Determine s(155).
13
Let y(m) = -3*m + 785. What is y(-24)?
857
Let c(v) = 6*v**2 - 325*v - 499. What is c(54)?
-553
Let d(j) = 4457938*j - 15. Calculate d(0).
-15
Let g(v) = -2*v**3 + 132*v**2 - 359*v - 1212. What is g(63)?
-15
Let l(k) = 124729*k + 623643. Determine l(-5).
-2
Let c(b) = 25912*b + 3368547. Give c(-130).
-13
Let y(w) = -w**3 - 61*w**2 + 3496*w + 415. Give y(-97).
27
Let a(c) = -c**3 + 43*c**2 + 280*c + 44. Calculate a(49).
-642
Let y(r) = r**3 - 131*r**2 - 752*r + 9778. Calculate y(136).
-14
Let s(h) = -h**3 - 824*h**2 - 77330*h - 213. Determine s(-108).
3
Let d(r) = -23*r**2 + 801*r - 2385. Give d(3).
-189
Let i(f) = -f**2 + 703*f - 100637. What is i(202)?
565
Let u(x) = -x**3 + 487*x**2 - 9427*x + 1754. Calculate u(20).
14
Let j(d) = 27*d**2 + 1110*d - 2409. Determine j(-44).
1023
Let i(o) = 5268*o - 732232. What is i(139)?
20
Let y(h) = h**3 + 789*h**2 - 29706*h - 4976. Give y(-825).
-26
Let x(a) = 2*a**3 - 7*a**2 + 853*a - 5938. Determine x(7).
376
Let t(u) = 1190*u - 330827. Determine t(278).
-7
Let v(u) = 10448*u - 20920. What is v(2)?
-24
Let b(r) = -6*r**3 + 364*r**2 + 129*r - 12. What is b(61)?
415
Let j(w) = -7591*w + 4258543. Calculate j(561).
-8
Let y(r) = -2*r**3 - 659*r**2 - 975*r + 2935. What is y(-328)?
-17
Let p(a) = 321*a + 112715. What is p(-351)?
44
Let q(s) = -2480*s - 193. What is q(0)?
-193
Let i(v) = -v**2 + 2982*v + 17980. What is i(-6)?
52
Let j(q) = -309955*q - 14567891. Calculate j(-47).
-6
Let y(d) = -4*d**2 + 7069*d - 84278. What is y(12)?
-26
Let n(q) = -9*q**2 - 899*q + 21563. Give n(20).
-17
Let p(s) = -7*s**2 - 75*s - 239. What is p(-5)?
-39
Let i(y) = -417*y - 23829. Determine i(-57).
-60
Let h(j) = 57*j - 3211. Determine h(14).
-2413
Let w(n) = 5301*n - 196191. Calculate w(37).
-54
Let p(t) = 2*t**3 - 132*t**2 - 264*t - 542. Determine p(68).
2
Let q(o) = 3*o**2 - 1529*o + 19527. What is q(13)?
157
Let d(x) = 2*x**3 + 326*x**2 - 374*x - 7640. Give d(-164).
-96
Let s(g) = -2*g**2 + 11065*g + 77554. Determine s(-7).
1
Let y(s) = 125*s - 4057. Calculate y(27).
-682
Let c(l) = -40871*l + 16266671. Determine c(398).
13
Let t(u) = -3*u**2 + 10425*u + 208842. Determine t(-20).
-858
Let k(f) = -128411*f + 256931. Determine k(2).
109
Let w(n) = 159*n + 11735. Calculate w(-71).
446
Let x(z) = -20*z**2 + 176*z + 31. Give x(15).
-1829
Let x(c) = 13806*c + 41385. What is x(-3)?
-33
Let z(r) = -14*r**2 - 4957*r - 5186. What is z(-353)?
109
Let s(g) = -g**3 - 266*g**2 - 11596*g + 1893. Give s(-211).
-6
Let o(k) = -k**2 + 3905*k + 133916. Calculate o(-34).
-10
Let f(y) = -297*y**2 - 3115*y - 1421. Calculate f(-10).
29
Let q(j) = 9*j**3 + 160*j**2 + 655*j + 29. Give q(-4).
-607
Let q(m) = -177*m**2 - 14541*m - 2212. Determine q(-82).
2
Let j(u) = -24*u**2 - 2614*u + 26309. Calculate j(10).
-2231
Let q(j) = 201*j + 12102. Determine q(-67).
-1365
Let d(o) = 3766423*o - 4. Give d(0).
-4
Let y(k) = -k**3 - 250*k**2 - 3080*k + 190. Calculate y(-237).
-47
Let q(x) = -2*x**3 + 44*x**2 + 36*x + 182. What is q(23)?
-48
Let h(l) = -3*l**3 - 29*l**2 + 257*l - 26. Calculate h(-16).
726
Let b(q) = -136*q - 12142. Give b(-88).
-174
Let m(q) = 682*q - 3328. Calculate m(5).
82
Let i(q) = 291*q + 8234. Give i(-20).
2414
Let i(a) = 121*a**2 + 1704*a + 31. What is i(-14)?
-109
Let t(r) = r**3 - 46*r**2 + 136. What is t(46)?
136
Let h(a) = -4*a**2 - 11832*a + 165962. Determine h(14).
-470
Let a(u) = u**3 - 34*u**2 + 34*u - 304. Give a(34).
852
Let s(m) = m**3 + 578*m**2 + 75779*m + 729. Calculate s(-377).
-25
Let i(z) = -7*z**3 - 258*z**2 + 585*z - 15. Give i(-39).
-15
Let p(g) = 88990*g + 1245789. What is p(-14)?
-71
Let m(w) = -463*w**2 - 3*w + 356. Give m(0).
356
Let u(r) = -r**3 + 73*r**2 + 248*r - 18125. Calculate u(73).
-21
Let f(z) = z**2 + 79*z - 8109. Give f(-142).
837
Let s(w) = 7*w**3 + 24*w**2 - 14*w - 27. Calculate s(-4).
-35
Let p(b) = 449*b - 205182. Calculate p(457).
11
Let v(m) = -1696*m + 40611. Calculate v(24).
-93
Let h(k) = -k**3 - 65*k**2 + 336*k + 4115. Give h(-69).
-25
Let b(n) = -2*n**3 - 27*n**2 + 1225*n + 19200. Give b(-17).
398
Let l(r) = -11*r**2 - 1226*r - 14972. What is l(-14)?
36
Let v(h) = -h**3 + 149*h**2 - 1895*h + 61. Calculate v(14).
-9
Let h(n) = 7*n**2 - 393*n + 287. Determine h(57).
629
Let n(s) = 5*s**2 - 2978*s - 17922. Determine n(-6).
126
Let r(p) = 36*p**3 + 142*p**2 - 45*p - 146. What is r(-4)?
2
Let l(i) = 5*i**2 + 94*i - 202. Give l(2).
6
Let c(x) = 295*x - 25321. Calculate c(86).
49
Let w(h) = -1642*h**2 + 920*h + 916. Determine w(-1).
-1646
Let i(v) = 73*v**2 - 41*v + 35. Calculate i(0).
35
Let x(z) = -2830*z + 116029. Give x(41).
-1
Let d(q) = -12036*q + 337041. Calculate d(28).
33
Let k(f) = -2*f + 450. Calculate k(45).
360
Let b(x) = 152*x + 30204. What is b(-198)?
108
Let c(m) = -2*m**3 - 89*m**2 - 1132*m